{"version":"1.0","provider_name":"Mobilh\u00e1z - \u00daj \u00e9s haszn\u00e1lt mobilh\u00e1zak Magyarorsz\u00e1g els\u0151 sz\u00e1m\u00fa keresked\u0151j\u00e9t\u0151l - Mobile Homes Centre","provider_url":"https:\/\/mobilehomescentre.com\/de\/","title":"Transport eines gebrauchten Ideal-Mobilheims nach Zala - Mobilh\u00e1z - \u00daj \u00e9s haszn\u00e1lt mobilh\u00e1zak Magyarorsz\u00e1g els\u0151 sz\u00e1m\u00fa keresked\u0151j\u00e9t\u0151l - Mobile Homes Centre","type":"rich","width":600,"height":338,"html":"<blockquote class=\"wp-embedded-content\" data-secret=\"s9OAL9redE\"><a href=\"https:\/\/mobilehomescentre.com\/de\/referencia\/transport-eines-gebrauchten-ideal-mobilheims-nach-zala\/\">Transport eines gebrauchten Ideal-Mobilheims nach Zala<\/a><\/blockquote><iframe sandbox=\"allow-scripts\" security=\"restricted\" src=\"https:\/\/mobilehomescentre.com\/de\/referencia\/transport-eines-gebrauchten-ideal-mobilheims-nach-zala\/embed\/#?secret=s9OAL9redE\" width=\"600\" height=\"338\" title=\"&#8222;Transport eines gebrauchten Ideal-Mobilheims nach Zala&#8220; &#8211; Mobilh\u00e1z - \u00daj \u00e9s haszn\u00e1lt mobilh\u00e1zak Magyarorsz\u00e1g els\u0151 sz\u00e1m\u00fa keresked\u0151j\u00e9t\u0151l - Mobile Homes Centre\" data-secret=\"s9OAL9redE\" frameborder=\"0\" marginwidth=\"0\" marginheight=\"0\" scrolling=\"no\" class=\"wp-embedded-content\"><\/iframe><script>\n\/*! This file is auto-generated *\/\n!function(d,l){\"use strict\";l.querySelector&&d.addEventListener&&\"undefined\"!=typeof URL&&(d.wp=d.wp||{},d.wp.receiveEmbedMessage||(d.wp.receiveEmbedMessage=function(e){var t=e.data;if((t||t.secret||t.message||t.value)&&!\/[^a-zA-Z0-9]\/.test(t.secret)){for(var s,r,n,a=l.querySelectorAll('iframe[data-secret=\"'+t.secret+'\"]'),o=l.querySelectorAll('blockquote[data-secret=\"'+t.secret+'\"]'),c=new RegExp(\"^https?:$\",\"i\"),i=0;i<o.length;i++)o[i].style.display=\"none\";for(i=0;i<a.length;i++)s=a[i],e.source===s.contentWindow&&(s.removeAttribute(\"style\"),\"height\"===t.message?(1e3<(r=parseInt(t.value,10))?r=1e3:~~r<200&&(r=200),s.height=r):\"link\"===t.message&&(r=new URL(s.getAttribute(\"src\")),n=new URL(t.value),c.test(n.protocol))&&n.host===r.host&&l.activeElement===s&&(d.top.location.href=t.value))}},d.addEventListener(\"message\",d.wp.receiveEmbedMessage,!1),l.addEventListener(\"DOMContentLoaded\",function(){for(var e,t,s=l.querySelectorAll(\"iframe.wp-embedded-content\"),r=0;r<s.length;r++)(t=(e=s[r]).getAttribute(\"data-secret\"))||(t=Math.random().toString(36).substring(2,12),e.src+=\"#?secret=\"+t,e.setAttribute(\"data-secret\",t)),e.contentWindow.postMessage({message:\"ready\",secret:t},\"*\")},!1)))}(window,document);\n\/\/# sourceURL=https:\/\/mobilehomescentre.com\/wp-includes\/js\/wp-embed.min.js\n<\/script>\n","thumbnail_url":"https:\/\/mobilehomescentre.com\/wp-content\/uploads\/2026\/02\/ujabb-sikeres-szallitas-zala-varmegyeben-\u2013-ideal-mobilhaz-telepitese1.jpg","thumbnail_width":1920,"thumbnail_height":1440,"description":"[vc_row][vc_column width=&#8220;2\/3&#8243; offset=&#8220;vc_col-sm-offset-2&#8243;][vc_column_text css=&#8220;&#8220;]Wir haben k\u00fcrzlich ein gebrauchtes Ideal-Mobilheim (8&#215;3,10 m) mit zwei Schlafzimmern nach Zala geliefert. Vor der Lieferung wurden Anpassungen wie der Einbau eines Elektroboilers und ein Waschmaschinenanschluss vorgenommen. Herausforderungen beim Transport und Installation Die engen Stra\u00dfen von Zala und die unebene Bodenbeschaffenheit stellten unser Team vor Herausforderungen, aber dank unserer Ausr\u00fcstung und&hellip;"}

Mobilház - Új és használt mobilházak Magyarország első számú kereskedőjétől - Mobile Homes Centre

Transport eines gebrauchten Ideal-Mobilheims nach Zala - Mobilház - Új és használt mobilházak Magyarország első számú kereskedőjétől - Mobile Homes Centre

<blockquote class="wp-embedded-content" data-secret="s9OAL9redE"><a href="https://mobilehomescentre.com/de/referencia/transport-eines-gebrauchten-ideal-mobilheims-nach-zala/">Transport eines gebrauchten Ideal-Mobilheims nach Zala</a></blockquote><iframe sandbox="allow-scripts" security="restricted" src="https://mobilehomescentre.com/de/referencia/transport-eines-gebrauchten-ideal-mobilheims-nach-zala/embed/#?secret=s9OAL9redE" width="600" height="338" title="&#8222;Transport eines gebrauchten Ideal-Mobilheims nach Zala&#8220; &#8211; Mobilház - Új és használt mobilházak Magyarország első számú kereskedőjétől - Mobile Homes Centre" data-secret="s9OAL9redE" frameborder="0" marginwidth="0" marginheight="0" scrolling="no" class="wp-embedded-content"></iframe><script>
/*! This file is auto-generated */
!function(d,l){"use strict";l.querySelector&&d.addEventListener&&"undefined"!=typeof URL&&(d.wp=d.wp||{},d.wp.receiveEmbedMessage||(d.wp.receiveEmbedMessage=function(e){var t=e.data;if((t||t.secret||t.message||t.value)&&!/[^a-zA-Z0-9]/.test(t.secret)){for(var s,r,n,a=l.querySelectorAll('iframe[data-secret="'+t.secret+'"]'),o=l.querySelectorAll('blockquote[data-secret="'+t.secret+'"]'),c=new RegExp("^https?:$","i"),i=0;i<o.length;i++)o[i].style.display="none";for(i=0;i<a.length;i++)s=a[i],e.source===s.contentWindow&&(s.removeAttribute("style"),"height"===t.message?(1e3<(r=parseInt(t.value,10))?r=1e3:~~r<200&&(r=200),s.height=r):"link"===t.message&&(r=new URL(s.getAttribute("src")),n=new URL(t.value),c.test(n.protocol))&&n.host===r.host&&l.activeElement===s&&(d.top.location.href=t.value))}},d.addEventListener("message",d.wp.receiveEmbedMessage,!1),l.addEventListener("DOMContentLoaded",function(){for(var e,t,s=l.querySelectorAll("iframe.wp-embedded-content"),r=0;r<s.length;r++)(t=(e=s[r]).getAttribute("data-secret"))||(t=Math.random().toString(36).substring(2,12),e.src+="#?secret="+t,e.setAttribute("data-secret",t)),e.contentWindow.postMessage({message:"ready",secret:t},"*")},!1)))}(window,document);
//# sourceURL=https://mobilehomescentre.com/wp-includes/js/wp-embed.min.js
</script>

[vc_row][vc_column width=&#8220;2/3&#8243; offset=&#8220;vc_col-sm-offset-2&#8243;][vc_column_text css=&#8220;&#8220;]Wir haben kürzlich ein gebrauchtes Ideal-Mobilheim (8&#215;3,10 m) mit zwei Schlafzimmern nach Zala geliefert. Vor der Lieferung wurden Anpassungen wie der Einbau eines Elektroboilers und ein Waschmaschinenanschluss vorgenommen. Herausforderungen beim Transport und Installation Die engen Straßen von Zala und die unebene Bodenbeschaffenheit stellten unser Team vor Herausforderungen, aber dank unserer Ausrüstung und&hellip;
